{"id":604,"date":"2017-11-17T02:29:55","date_gmt":"2017-11-17T02:29:55","guid":{"rendered":"https:\/\/gi-imperios.org\/blog\/?page_id=604"},"modified":"2019-10-10T07:37:58","modified_gmt":"2019-10-10T07:37:58","slug":"ciclo-marcas-do-imperio","status":"publish","type":"page","link":"https:\/\/gi-imperios.org\/blog\/ciclo-marcas-do-imperio\/","title":{"rendered":"Ciclo &#8220;Marcas do Imp\u00e9rio&#8221;"},"content":{"rendered":"<p><img loading=\"lazy\" decoding=\"async\" class=\"alignleft wp-image-613 size-full\" src=\"https:\/\/gi-imperios.org\/blog\/wp-content\/uploads\/2017\/11\/MARCASIMPERIO.png\" alt=\"\" width=\"200\" height=\"172\" \/>Em colabora\u00e7\u00e3o com IHC\/FCSH-UNL, o GI Imp\u00e9rios co-organizou\u00a0no ano lectivo de 2017\/2018, atrav\u00e9s de Maria Jos\u00e9 Lobo Antunes (ICS-ULisboa), o ciclo de semin\u00e1rios \u201cMarcas do Imp\u00e9rio: colonialismo e p\u00f3s-colonialismo na \u00e9poca contempor\u00e2nea\u201d.<\/p>\n<p>Consulte a p\u00e1gina do ciclo <a href=\"https:\/\/www.facebook.com\/events\/515005262198579\/\" target=\"_blank\" rel=\"noopener\">aqui<\/a><\/p>\n<p><strong><u>Apresenta\u00e7\u00e3o:<\/u><\/strong><\/p>\n<p>Nos \u00faltimos anos tem-se assistido a um interesse crescente, no \u00e2mbito das ci\u00eancias sociais em Portugal, por tem\u00e1ticas relacionadas com o colonialismo portugu\u00eas e com as marcas que o mesmo deixou naquilo que designamos como p\u00f3s-colonial. \u00c1reas de investiga\u00e7\u00e3o como a hist\u00f3ria, a antropologia e a sociologia, mas tamb\u00e9m os estudos liter\u00e1rios e os estudos culturais, t\u00eam vindo a abordar o colonialismo e a guerra colonial nas suas mais diversas vertentes: a hist\u00f3ria pol\u00edtica e militar do \u201cimp\u00e9rio\u201d e da sua preserva\u00e7\u00e3o defensiva; a legitima\u00e7\u00e3o ideol\u00f3gica e as estrat\u00e9gias de representa\u00e7\u00e3o ou de simboliza\u00e7\u00e3o identit\u00e1ria do colonialismo; a constru\u00e7\u00e3o e colabora\u00e7\u00e3o dos saberes cient\u00edficos, particularmente da ci\u00eancia antropol\u00f3gica, ao servi\u00e7o da ordem colonial; as pol\u00edticas coloniais de controlo e governan\u00e7a das popula\u00e7\u00f5es; a manipula\u00e7\u00e3o do \u00e9tnico e do religioso por essas mesmas pol\u00edticas; as estrat\u00e9gias de resist\u00eancia do colonizado e as lutas anticoloniais; as vicissitudes da inser\u00e7\u00e3o do sistema colonial portugu\u00eas no quadro das rela\u00e7\u00f5es internacionais; os impactos da experi\u00eancia colonial nas trajet\u00f3rias p\u00f3s-coloniais da emigra\u00e7\u00e3o e nos padr\u00f5es de integra\u00e7\u00e3o em Portugal dos imigrantes de pa\u00edses lus\u00f3fonos. Se determinadas abordagens optam por focar aspectos espec\u00edficos, como a mobiliza\u00e7\u00e3o dos aparelhos repressivos e da intelligence no combate aos movimentos nacionalistas, outras procuram desenvolver m\u00e9todos comparativos de modo a inserir o colonialismo portugu\u00eas na l\u00f3gica global dos colonialismos europeus, identificando eventuais cumplicidades e a circula\u00e7\u00e3o de t\u00e9cnicas de poder entre os diferentes sistemas de domina\u00e7\u00e3o colonial. Muitos destes trabalhos de investiga\u00e7\u00e3o t\u00eam vindo tamb\u00e9m a desafiar e a reconfigurar conceitos, repensando metodologias, ao mesmo tempo que questionam as pr\u00f3prias no\u00e7\u00f5es de colonialidade e p\u00f3s-colonialidade.<\/p>\n<p>Tendo em mente estes desenvolvimentos, o IHC e o ICS v\u00eam propor, com o presente semin\u00e1rio, um espa\u00e7o de reflex\u00e3o e de di\u00e1logo em torno das mais recentes linhas de investiga\u00e7\u00e3o dedicadas ao colonialismo portugu\u00eas. Investigadores nas \u00e1reas da Hist\u00f3ria e da Antropologia apresentar\u00e3o os resultados das suas pesquisas, numa \u00f3ptica formativa que visa tr\u00eas objectivos:<\/p>\n<p>&#8211; Evidenciar a atualidade, indissociavelmente cient\u00edfica e pol\u00edtica, de uma abordagem do colonialismo em geral, e do portugu\u00eas em particular;<\/p>\n<p>&#8211; Ilustrar a pluralidade das formas de an\u00e1lise do objecto colonial<\/p>\n<p>&#8211; Mostrar a inova\u00e7\u00e3o conceptual e metodol\u00f3gica da investiga\u00e7\u00e3o que se tem centrado na problem\u00e1tica colonial.<\/p>\n<p><strong><u>Organiza\u00e7\u00e3o: <\/u><\/strong><\/p>\n<p>Linha tem\u00e1tica Colonialismo, Imp\u00e9rio e Imagina\u00e7\u00e3o Imperial na \u00c9poca Contempor\u00e2nea, IHC &#8211; NOVA FCSH<br \/>\nGrupo de Investiga\u00e7\u00e3o Imp\u00e9rios, Colonialismo e Sociedades P\u00f3s-Coloniais, ICS-ULisboa<\/p>\n<p>Jo\u00e3o Miguel Almeida (IHC &#8211; NOVA FCSH)<br \/>\nMaria Jos\u00e9 Lobo Antunes (ICS-ULisboa)<br \/>\nPedro Aires Oliveira (IHC &#8211; NOVA FCSH\u00a0)<br \/>\nPaulo Jorge Fernandes (IHC-NOVA FCSH)<\/p>\n","protected":false},"excerpt":{"rendered":"<p> &hellip; <\/p>\n","protected":false},"author":1,"featured_media":0,"parent":0,"menu_order":0,"comment_status":"closed","ping_status":"closed","template":"","meta":{"_cbd_carousel_blocks":"[]","_exactmetrics_skip_tracking":false,"_exactmetrics_sitenote_active":false,"_exactmetrics_sitenote_note":"","_exactmetrics_sitenote_category":0,"footnotes":""},"class_list":["post-604","page","type-page","status-publish","hentry"],"translation":{"provider":"WPGlobus","version":"3.0.0","language":"en","enabled_languages":["en","pt"],"languages":{"en":{"title":true,"content":true,"excerpt":false},"pt":{"title":true,"content":true,"excerpt":false}}},"_links":{"self":[{"href":"https:\/\/gi-imperios.org\/blog\/wp-json\/wp\/v2\/pages\/604","targetHints":{"allow":["GET"]}}],"collection":[{"href":"https:\/\/gi-imperios.org\/blog\/wp-json\/wp\/v2\/pages"}],"about":[{"href":"https:\/\/gi-imperios.org\/blog\/wp-json\/wp\/v2\/types\/page"}],"author":[{"embeddable":true,"href":"https:\/\/gi-imperios.org\/blog\/wp-json\/wp\/v2\/users\/1"}],"replies":[{"embeddable":true,"href":"https:\/\/gi-imperios.org\/blog\/wp-json\/wp\/v2\/comments?post=604"}],"version-history":[{"count":10,"href":"https:\/\/gi-imperios.org\/blog\/wp-json\/wp\/v2\/pages\/604\/revisions"}],"predecessor-version":[{"id":4210,"href":"https:\/\/gi-imperios.org\/blog\/wp-json\/wp\/v2\/pages\/604\/revisions\/4210"}],"wp:attachment":[{"href":"https:\/\/gi-imperios.org\/blog\/wp-json\/wp\/v2\/media?parent=604"}],"curies":[{"name":"wp","href":"https:\/\/api.w.org\/{rel}","templated":true}]}}